e 2*r = 3*r - 9. Let z be -3*(-23)/r*-3. Let m = 32 + z. List the prime factors of m.
3
Suppose -45*x + 7447 + 12668 = 0. What are the prime factors of x?
3, 149
Let z(r) = r**3 + 7*r**2 - 3*r - 15. Let o be z(-7). List the prime factors of (-68)/o*(-3)/(-2)*-2.
2, 17
Let l(o) = 61*o - 9. Let w be l(3). List the prime factors of 1 + w - (18 - 20).
3, 59
Let i(w) = 13*w**2 - 4*w - 5. List the prime factors of i(2).
3, 13
Suppose -4*n + 2392 = 3*v - 792, v = -5*n + 1065. List the prime factors of v.
2, 5, 53
List the prime factors of -4172*((-96)/(-28))/(-12).
2, 149
Suppose -4*k + 226 = n - 0*n, 0 = 5*k - 20. Let b = -40 + n. List the prime factors of b.
2, 5, 17
Let x = 352 + 210. What are the prime factors of x?
2, 281
Let p(q) = 15*q - 448. What are the prime factors of p(33)?
47
Suppose 0 = 43*k - 42*k. Suppose 2*v - 2*q = 144, -v + 84 = 2*q - k*q. List the prime factors of v.
2, 19
Suppose -5*h = -5*j - 700, 5*j = 7*h - 3*h - 565. Let s = h - 30. List the prime factors of s.
3, 5, 7
Suppose -2*q + 7 = -3*n - 18, 0 = -2*q - n + 13. Let j = 11 - q. Suppose 2*r = 3*z + 21, j*r + 8*z - 79 = 3*z. What are the prime factors of r?
2, 3
List the prime factors of (5/5 - (0 - -3)) + 189.
11, 17
Let u = 254 - 131. Suppose 2*p - j = u, 5*j + 7 = 2. What are the prime factors of p?
61
Suppose -y = -1, -5*y + 4*y - 770 = -c. What are the prime factors of c?
3, 257
Let c be ((-41)/(-2))/((-8)/(-16)). Suppose 0 = -j + c + 18. Suppose -2*z + 71 = 5*l, -6*z + 3*z + 2*l + j = 0. List the prime factors of z.
23
Let u = -14 - -2. Let h be u*(220/(-16) - -2). What are the prime factors of (-6)/(-33) + h/11?
13
Let l = -130 - -138. What are the prime factors of ((-12)/l)/1*-2 - -37?
2, 5
Suppose -6*l = 13*l - 133. List the prime factors of l.
7
Suppose -4 - 12 = -4*m. Suppose 0 = 3*d + 4*i - 105 - 84, m*d - 227 = 3*i. Suppose 5*q - d - 1 = 0. What are the prime factors of q?
2, 3
Let y be 6*((4 - 0) + 2/1). Let s = 1 + 3. Suppose s*p - 6*p + y = 0. List the prime factors of p.
2, 3
Suppose -5*t + 216 = -t. Suppose 5*a + 185 = 5*m, 2*m - t = -a - 2*a. What are the prime factors of m?
3, 11
Let x be (-78)/(-21) - (24/14 - 2). Suppose -y - x*y = -165. What are the prime factors of y?
3, 11
Suppose 5*k = -2*k + 168. Let x = -10 + 6. List the prime factors of (-620)/(-24) - x/k.
2, 13
Suppose 10*m = 17220 - 2260. List the prime factors of m.
2, 11, 17
Suppose -3*m + 6*m = 708. Suppose -z + 4*j = -114, -4*z - 4*j - m = -6*z. List the prime factors of z.
2, 61
Let m(a) = 4*a**2 + 5*a + 2. Let l be m(4). Let b = -33 - 18. Let z = l + b. List the prime factors of z.
5, 7
Let v(o) = -13*o + 3. Let u(s) = -s**2 + 7*s - 7. Let x be u(7). Let l(n) = -25*n + 5. Let r(g) = x*v(g) + 4*l(g). List the prime factors of r(-2).
17
Suppose -3*b + 4 = -3*z - 20, z + 11 = 2*b. Let p(k) = k**2 - k - 1. List the prime factors of p(b).
5
Suppose -9195 = -3*m - 2*m + d, -5*m + 9180 = 2*d. List the prime factors of m.
2, 919
Let f(q) = -16*q - 1. Let x be f(-1). Suppose 0*z - x = -3*z. Suppose t - 5*t - 114 = -3*a, -z*a = 5*t - 155. List the prime factors of a.
2, 17
Suppose -3*s + 48*s = 81450. List the prime factors of s.
2, 5, 181
Let s(h) = 50*h + 972. List the prime factors of s(0).
2, 3
Let k be (4/(-10))/((-7)/(-70)). Let a = k - -14. List the prime factors of a.
2, 5
List the prime factors of 0 + 1/(-2) - 2470/(-76).
2
Suppose 29*a - 22*a = 13244. What are the prime factors of a?
2, 11, 43
Let z(u) = 2*u**3 + u**2 + 4*u + 445. What are the prime factors of z(0)?
5, 89
Suppose -4*j + 5*q = -6268, -3*q + 152 = j - 1432. What are the prime factors of j?
2, 3, 131
Suppose -5*i + 7048 = -w, -26*i + 1421 = -25*i - 4*w. What are the prime factors of i?
1409
What are the prime factors of (-12*57 + 6)*(-15)/6?
3, 5, 113
List the prime factors of 938/16*22 - 188/(-752).
2, 3, 5, 43
Let z = -126 + 897. List the prime factors of z.
3, 257
Let z(i) = -i**3 + 14*i**2 - 18*i + 53. What are the prime factors of z(11)?
2, 109
Let w be -1*(-3 - (-3)/(-1)). Suppose -w*a = -5*a - 7. Suppose -a*f = -4*f - 171. List the prime factors of f.
3, 19
Let p be (-8092)/16 + 0 + (-4)/16. Let c = 734 + p. List the prime factors of c.
2, 3, 19
Let l(c) = 10*c + 4. Let o be (-1)/(2/(-4)) - 2. Let p(q) = -q + 2. Let d be p(o). What are the prime factors of l(d)?
2, 3
Let u be (-10)/(-15) - 3/(27/(-48)). Suppose 1 = p - u. What are the prime factors of p?
7
Let k(n) = n + 6. Let c be k(-7). Let j(d) be the third derivative of -11*d**6/120 - d**5/60 + d**4/24 + d**3/6 + 3*d**2. List the prime factors of j(c).
2, 5
Let p(n) = 433 - 217 - 222 + n**2 - 2*n. Suppose 0 = -5*u + u + 28. What are the prime factors of p(u)?
29
Let v = -16 - -20. Suppose -116 = 8*q - v*q. Let g = q - -57. List the prime factors of g.
2, 7
What are the prime factors of (4809/(-14))/(4/(-24))?
3, 229
Suppose -4*h - h = -25. Let y be (h - 4)*-1 + 4. Suppose 0*s - 2 = -2*s - 5*l, -4*s = -y*l - 56. List the prime factors of s.
11
Suppose 5*f = -f + 7830. Suppose 0 = -19*a + 4*a + f. What are the prime factors of a?
3, 29
Let x(h) = -h**2 + h - 13. Let v be x(7). Let j = -25 - v. List the prime factors of j.
2, 3, 5
Let i be -1*1/(-2) - (-153)/18. Suppose -i*j - 948 = -2856. What are the prime factors of j?
2, 53
Let h = 0 + 4. Suppose -63 = -5*o + 3*l, o + h*l = -2 + 10. What are the prime factors of (o/(-7))/((-28)/882)?
2, 3
What are the prime factors of (-1)/(-4) + 10/((-520)/(-137683))?
2, 331
Let y = 68 - 43. Suppose -2*f - 3*u = -3, -5*f - 4*u + 1 = -3*u. Suppose -3*d + 8*d - y = f, -4*w + 2*d + 138 = 0. List the prime factors of w.
37
Suppose 13 + 2 = -x. Let j be ((-15)/9)/(x/18). Let l(h) = 6*h**3 - 4*h**2 + 3*h - 2. What are the prime factors of l(j)?
2, 3
Let t = 3882 + -2242. What are the prime factors of t?
2, 5, 41
Let l = -88 + 156. Let k be (58/(-6))/(-8 + (-25)/(-3)). Let o = l + k. List the prime factors of o.
3, 13
Let b(r) = -r**3 + 9*r**2 + 9*r + 10. Let x be b(10). Suppose 50 = -x*c + c. Suppose 0 = 4*v - c - 70. List the prime factors of v.
2, 3, 5
Let r = 31 + -22. List the prime factors of r/6*50/15.
5
Suppose 3*s + 2*o + 22 = s, 3*o = -5*s - 65. Let r = s - -14. List the prime factors of (r - -1)/(6/(-42)).
7
Let x = 167 - 92. What are the prime factors of x?
3, 5
Suppose -5 + 62 = 2*p - 5*g, 0 = 3*p - 2*g - 91. Let v = 97 - p. What are the prime factors of v?
2, 3, 11
Let f be 341 - 8*(-3)/18*-3. Suppose 5*k = 2*v - 0*v - 319, 2*v = -k + f. List the prime factors of v.
167
Let i be 7/((-35)/290) - 3. Let k = -41 - i. What are the prime factors of k?
2, 5
Suppose -12*q = q - 65. Suppose -4*f - 2*n = -0*n - 60, -q*n = -2*f + 54. List the prime factors of f.
17
Let b(r) be the second derivative of -r**5/20 + 5*r**4/6 - 7*r**3/6 - 5*r**2/2 + 35*r. Let s be (-6)/4*(-3 - 3). What are the prime factors of b(s)?
13
Let g(q) = q + 18. Suppose -6 = 2*d, -5*d - 26 = -4*c + 49. What are the prime factors of g(c)?
3, 11
Let m be -46*(-2 + 21/6). Let i = m - -209. List the prime factors of i.
2, 5, 7
Let o(s) = -142*s + 56. What are the prime factors of o(-5)?
2, 383
Let w(a) = -12*a - 14. Let u be w(-11). Suppose -5*t + u = 2*r + 2*r, 5*t = -3*r + 91. List the prime factors of r.
3
Let k = 3580 - 2490. List the prime factors of k.
2, 5, 109
Let d(o) be the first derivative of -o**5/60 + 3*o**4/4 + 2*o**3/3 - 8. Let v(c) be the third derivative of d(c). List the prime factors of v(-13).
2, 11
Suppose -2*z + 3 = i - 13, -5*z = -2*i - 13. Suppose -335 = -i*g + 217. List the prime factors of g.
2, 23
Suppose -3*y - 4*o - 50 = -y, 0 = 2*y - 3*o + 22. Let s = -14 - y. Suppose -15 = -n - s*n + q, -3*q + 3 = 4*n. What are the prime factors of n?
3
Let y(t) = -10*t. Suppose -20*v + 15*v - 40 = 0. What are the prime factors of y(v)?
2, 5
Suppose -2*t = -2*u + 272, 2*t + 420 = -t - u. Let m = t - -280. What are the prime factors of m?
3, 47
Suppose 0 = c + 41 - 26. What are the prime factors of 874/6 + 2 + 25/c?
2, 73
Suppose -441*f - 10252 = -452*f. List the prime factors of f.
2, 233
Suppose 4*j - 1102 - 3599 = -5*t, -5*t + 3532 = 3*j. List the prime factors of j.
7, 167
Let y(r) = 39*r**3 + r**2 - r + 1. Suppose -21 = -2*k + 3*m, -3*k + 4 - 10 = 3*m. Let p = k + -2. What are the prime factors of y(p)?
2, 5
Suppose -2*a + 2137 = -g, 0*g +